j(5)?
-6
Let j = -11599 - -11606. Let u(i) = -i**3 + 12*i**2 - 36*i + 13. Give u(j).
6
Let r(d) be the first derivative of d**2 - 5*d - 1613. Determine r(-4).
-13
Suppose 13*q = 374 - 348. Let d(p) be the third derivative of 0 - 1/24*p**4 - 4*p**q - 1/120*p**6 + 1/10*p**5 + 0*p + 1/3*p**3. What is d(6)?
-4
Let k(p) = -p - 19. Let z be k(-22). Suppose 90 = 12*c - z*c. Let d(x) = -x**2 + 9*x + 6. Give d(c).
-4
Let u(i) = -43*i - 196. Suppose 69*g - 65*g + k = -17, 5*k - 5 = -2*g. What is u(g)?
19
Let w(t) = 5*t + 1. Let c be w(6). Suppose c*f + 28 = -127. Let k(s) = -5*s - 4 - 1 + 0*s - s**2. Determine k(f).
-5
Let g(b) = b**3 - 5*b**2 + 5048*b + 2*b**3 - 7 - 2*b**3 + 2*b**3 - 5040*b. Calculate g(3).
53
Let d(h) be the third derivative of 2*h**4/3 - 25*h**3/6 - 407*h**2. Give d(2).
7
Let q(h) be the first derivative of -h**4/4 - 7*h**3/3 + h**2 + 10*h + 1466. Give q(-6).
-38
Let c(x) = -x**3 - 6*x**2 - x - 32. Suppose m + d = -13, 18 = 120*d - 123*d. Give c(m).
24
Let k = 42 - 40. Suppose -3*y - 5*i + 3 + 20 = 0, 4*i - 18 = -k*y. Let h = y - 7. Let f(d) = -d - 1. Calculate f(h).
5
Let j(d) = -d + 11. Let p(x) = 2*x**3 + 8*x**2 - 4*x - 4. Let y(f) = -3*j(f) + p(f). Give y(-5).
-82
Let r = -15623 + 15600. Let q(w) = -w**3 - 24*w**2 - 27*w - 42. Give q(r).
50
Let g be (-4*5/20)/(-7 - -8). Let y(v) = -11*v - 8. Give y(g).
3
Let v(z) = 3*z**3 + 0*z - 4*z**3 - 13 - z. Suppose -28*m - 21 = -21*m. Let x(l) = -8*l - 24. Let y be x(m). What is v(y)?
-13
Let a(d) = -d**3 + 21*d**2 - d + 7. Let f(o) = -448*o - 2667. Let s be f(-6). Give a(s).
-14
Let f(b) be the first derivative of b**4/4 + 2*b**3/3 + b**2 + 22*b + 171. Calculate f(0).
22
Let a(v) = -v**3 + 4*v**2 - 2*v + 4. Suppose -8*k + 10*k - n = 6, -4*k = 5*n + 2. Let b be (213 - 211)*(2 + 0/k). Give a(b).
-4
Let s(f) = -f**2 - 4 + 0 - 7*f + 23*f - 12*f - 5. Determine s(2).
-5
Let g be 6/(-4) - (-170)/20. Suppose s = g*s - 24. Suppose -s*x + 11*x - 7 = 0. Let t(p) = -8*p**2. Determine t(x).
-8
Let u(x) = 4*x**2 + 121*x + 36. Let q = 5701 - 5731. Give u(q).
6
Let p(m) = -1506*m + 0 + 1508*m + 19*m**3 + 2. Give p(-1).
-19
Let t(h) = 6*h - 2. Suppose 2*l - p - 6 = 0, 0 = 4*l - 5*p + 4 - 28. Let v = l - -2. Let r be (1/v)/(-3 - (-17)/6). Calculate t(r).
-14
Suppose 5*g + 25*g = 60. Let k(i) = 205*i**2 - 3 + 198*i**2 + 199*i**2 + 5*i - 802*i**2 + 201*i**g. Suppose 0*u = -u - 4. What is k(u)?
-7
Let x be (-2)/17 + 4959/4437. Let l(n) = -8*n**2 - 2*n + 1. Calculate l(x).
-9
Suppose 14 = -6*b - 4. Let z be 0 + (2/3)/((-1)/(-3)). Let d(t) = 0*t - 11*t - 2 + z*t + 12*t. Determine d(b).
-11
Let y(z) be the first derivative of 64 + 1/4*z**4 + 0*z + 2/3*z**3 - 1/2*z**2. Calculate y(-2).
2
Suppose 4*z = 5*f - 61, -2*f + 32 = -5*z - 6. Suppose -77 = f*g - 320. Suppose -5*s - 47 = -g. Let i(r) = -r**3 - 4*r**2 + r + 3. Give i(s).
-1
Let y(x) = -2*x - 81. Let g be y(23). Let t = g + 122. Let h(b) = -b - 12. Determine h(t).
-7
Let c be (-5)/(-6) + (-25)/(-6). Suppose -c*n = 2*q - 4*n - 10, 23 = q - 4*n. Let m(l) = l**3 - 6*l**2 - 8*l - 1. Give m(q).
-8
Let b(y) = -y**3 - 7*y**2 + 2*y + 17. Let f = -3040 + 3033. Determine b(f).
3
Let b(a) = a + 18. Suppose 5*s = -p + 304, -5*s + 3*s - 3*p = -119. Suppose -4*t = 5*f - 6*f + s, -3*t - 2*f = 54. Determine b(t).
2
Suppose 0 = 2*r - 4 - 2. Let v(b) = 0*b - 1 + 0*b - r*b. Suppose 3*o - 774 = 2*x - 773, 5*o - 2*x = -5. Calculate v(o).
8
Let z(g) be the first derivative of -g**4/4 - 5*g**2/2 + 6*g - 4654. Calculate z(1).
0
Let h(c) = -12*c**2 + 47*c**3 - 2 - 14*c + 29*c**3 + 48*c**3 - 123*c**3. Calculate h(13).
-15
Let d(b) = 3*b - 10. Suppose 48*u - 51*u - 5*r - 17 = 0, -3*u - 2*r = -4. Calculate d(u).
8
Let x(a) be the third derivative of -a**6/120 + 3*a**5/20 - 11*a**4/24 + 10*a**3/3 - 37*a**2 - a. Give x(8).
-4
Let o(p) = -48047 + 4*p + 11*p + 0*p + 48022. Give o(2).
5
Let d(k) = k**2 + 5*k - 3. Suppose 3*j - 94 = -2*g, -j - 2*g + 8 + 18 = 0. Let x = -684 + 715. Let f = x - j. Calculate d(f).
-9
Let l(s) = 83*s - 414. Let o(x) = -22*x - 875. Let h be o(-40). What is l(h)?
1
Suppose f + 10 - 15 = 0. Let a(z) = 2*z**2 - 12*z + 12. Let k be a(f). Let t(x) = -3*x**k - 2*x - 5*x + 4*x - 3 + 2*x**2. What is t(-4)?
-7
Suppose 16*s + 8 = 14*s. Let z(v) = -20 + 6 + 13. Let k(n) = -n**2 - 5*n + 3. Let q(a) = k(a) + 3*z(a). Calculate q(s).
4
Let v be (169/(-845))/((-1)/5). Let f(u) = 7*u**2 - 4*u + 3. What is f(v)?
6
Let n(g) be the third derivative of g**5/12 + g**4/24 - 61*g**3/3 + g**2 - 10*g. Let i(w) be the first derivative of n(w). Determine i(1).
11
Let p(s) be the second derivative of 0*s**3 - s**2 + 55*s - 1/20*s**5 + 1/3*s**4 + 0. Give p(4).
-2
Let s(n) = n**3 - 20*n + 0*n**3 + 4*n**2 - 2 + 1 + 15*n**2. Let u be s(-20). Let q(r) = -1. Let g(m) = -6*m - 10. Let i(l) = g(l) - 10*q(l). Determine i(u).
6
Let l be ((-2)/3)/((-11)/99). Let o(p) be the second derivative of p**5/20 - 5*p**4/12 - p**3/2 - 11*p**2/2 - 18*p. Calculate o(l).
7
Let h(t) = -10*t**3 - t**2 + 9*t + 9. Let p be h(-1). Suppose 81 + p = 18*w. Let y(c) = -c + 3. Let o(s) = -6*s + 18. Let r(l) = 6*o(l) - 34*y(l). Give r(w).
-4
Let o(j) be the first derivative of j**5/60 - 3*j**4/8 + 2*j**3/3 - 43*j**2/2 - 67. Let b(h) be the second derivative of o(h). Give b(6).
-14
Let f(i) = 105*i - 1780. Let c be f(17). Let r(b) be the third derivative of 1/60*b**c + 0 + 1/4*b**4 + 1/2*b**3 - 17*b**2 + 0*b. Give r(-2).
-5
Let k(c) = -7357 - 7377 - 2*c + 14709. Determine k(-4).
-17
Let s(q) = -q**2 + 9*q + 10. Let h be s(10). Let v(y) be the second derivative of y**5/20 + y**4/12 + y**3/6 + 9*y**2/2 - 353*y. What is v(h)?
9
Let z(l) = -11*l - 21. Let h(s) = 16*s + 18. Let r(f) = -2*h(f) - 3*z(f). Calculate r(0).
27
Let t(y) be the second derivative of -y**5/20 + 7*y**4/12 + 31*y**3/6 - 3*y**2 - 1184*y + 2. Determine t(10).
4
Let u be (-64)/(-20) + 1/(-5). Let h(l) = -12*l - 33. Let r be h(-4). Suppose -u*q = -5*b - 3, -4*q = -2*q + b - r. Let g(x) = x. Determine g(q).
6
Suppose s = 5*w + 24, 2*w + 3*w = -s - 26. Let v(z) = 67*z**2 - z - 1. Let u(r) = 936*r**2 - 22*r - 17. Let q(m) = u(m) - 14*v(m). Give q(w).
-13
Let k(z) = -2*z - 1. Let i(j) = -15*j - 9. Let l be i(-4). Suppose 80 = 5*d - 200. Let y = d - l. Calculate k(y).
-11
Let a(d) = 2*d**3 - d**2 - d**3 - 2*d**2. Let y be (-3)/(-2)*(-150)/(-450)*6. Give a(y).
0
Let x = 171 + -175. Let p(j) = 23*j - 5. Let g(h) = 13*h - 3. Let n(r) = x*p(r) + 7*g(r). Calculate n(7).
-8
Let i(l) be the first derivative of 0*l - 1/2*l**2 + 24 + 2*l**4 - 1/3*l**3. Give i(-1).
-8
Suppose 26*f - 12*f - 28 = 0. Let z(u) = -3 - 8*u**3 - 3*u**3 - 5*u**2 - f*u**3 - 4*u + 11*u**3. What is z(-3)?
18
Let s(z) = 2366*z + 42580. Let f be s(-18). Let o(y) = 2*y + 6. Let k(r) = -r - 3. Let p(t) = -10*k(t) - 6*o(t). Determine p(f).
10
Let v(o) be the third derivative of -2 + 7*o**2 + 1/12*o**4 + 0*o + 1/3*o**3. What is v(-9)?
-16
Let o(j) be the second derivative of j**6/360 - j**5/24 + j**4/12 - 151*j**3/6 - j**2/2 - 4*j - 27. Let u(h) be the second derivative of o(h). Give u(7).
16
Let c(l) be the first derivative of -2*l - 154 + 0*l**2 - 1/3*l**3. Give c(3).
-11
Let y(q) = -q**3 - 11*q**2 + 13*q + 13. Suppose 7*s - 23*s = 2288. Let o = -155 - s. Give y(o).
1
Let u be 1/6 + (-235)/(-30). Let t(j) = 0*j + u*j + 0*j - 11*j. Suppose 4*a = 3*a - 2. Give t(a).
6
Let u(d) = 9*d - 34. Let n = 13863 + -13872. Give u(n).
-115
Suppose -n + 28 = 2*u, -2*n - 52 = -3*u - 2*u. Let l(k) = -u + 5 + 8 + 10 + k. Let w be ((-5)/(-3))/(3 + (-60)/18). What is l(w)?
6
Let s(l) be the second derivative of -8*l**3/3 + 3*l**2/2 + 1184*l. Determine s(-1).
19
Suppose -p + 96 - 109 = -2*o, 9 = -4*o - 5*p. Let q(w) = 3*w**2 - 43*w + 129. Give q(o).
5
Let u(x) = -2*x**2 + 86*x - 246. Let j(d) = 58*d - 3788. Let f be j(66). Calculate u(f).
-6
Let r(i) = -i**3 - 5*i**2 + 4*i + 4. Let v be -7 - (14 + 4) - -4. Let q(k) = -k**3 - 22*k**2 - 23*k - 48. Let x be q(v). Give r(x).
16
Suppose -59 + 99 = -4*l. Let r(h) = h**3 + 10*h**2 - 4*h - 36. Calculate r(l).
4
Let l(s) = s + 42. Let p(w) = w**3 - 5*w**2 - 28*w - 4. Let d be p(-4). Determine l(d).
6
Let c be 18/(-4)*2/(-3). Let w(j) be the first derivative of j**3/3 - 7*j**2/2 + 3*j + 12490. Determine w(c).
-9
Let o(q) be the first derivative of q**7/840 + 7*q**6/360 + q**5/15 + 7*q**4